{"id":856,"date":"2024-06-01T00:20:22","date_gmt":"2024-06-01T00:20:22","guid":{"rendered":"https:\/\/alianzama.edu.mx\/?page_id=856"},"modified":"2025-01-09T22:45:25","modified_gmt":"2025-01-09T22:45:25","slug":"nuestro-programa-de-frances","status":"publish","type":"page","link":"https:\/\/alianzama.edu.mx\/?page_id=856","title":{"rendered":"Franc\u00e9s"},"content":{"rendered":"\t\t<div data-elementor-type=\"wp-page\" data-elementor-id=\"856\" class=\"elementor elementor-856\">\n\t\t\t\t<div class=\"elementor-element elementor-element-19e6b40 e-flex e-con-boxed e-con e-parent\" data-id=\"19e6b40\" data-element_type=\"container\">\n\t\t\t\t\t<div class=\"e-con-inner\">\n\t\t\t\t<div class=\"elementor-element elementor-element-817decf elementor-widget elementor-widget-text-editor\" data-id=\"817decf\" data-element_type=\"widget\" data-widget_type=\"text-editor.default\">\n\t\t\t\t<div class=\"elementor-widget-container\">\n\t\t\t\t\t\t\t\t\t\n<h2 class=\"wp-block-heading has-text-align-center\">Nuestro Programa de Franc\u00e9s<\/h2>\n\n\n\n<div class=\"wp-block-media-text is-stacked-on-mobile\"><figure class=\"wp-block-media-text__media\"><img fetchpriority=\"high\" decoding=\"async\" width=\"1024\" height=\"819\" src=\"https:\/\/alianzama.edu.mx\/wp-content\/uploads\/2024\/05\/5-1024x819.png\" alt=\"\" class=\"wp-image-857 size-full\" srcset=\"https:\/\/alianzama.edu.mx\/wp-content\/uploads\/2024\/05\/5-1024x819.png 1024w, https:\/\/alianzama.edu.mx\/wp-content\/uploads\/2024\/05\/5-300x240.png 300w, https:\/\/alianzama.edu.mx\/wp-content\/uploads\/2024\/05\/5-768x614.png 768w, https:\/\/alianzama.edu.mx\/wp-content\/uploads\/2024\/05\/5-1536x1229.png 1536w, https:\/\/alianzama.edu.mx\/wp-content\/uploads\/2024\/05\/5-1350x1080.png 1350w, https:\/\/alianzama.edu.mx\/wp-content\/uploads\/2024\/05\/5.png 2000w\" sizes=\"(max-width: 1024px) 100vw, 1024px\" \/><\/figure><div class=\"wp-block-media-text__content\">\n<p class=\"has-text-align-center\"><strong>Nuestro programa infantil de franc\u00e9s est\u00e1 dise\u00f1ado para adquirir un nuevo idioma. A trav\u00e9s de un enfoque divertido y estimulante, desarrollar\u00e1s habilidades de comunicaci\u00f3n eficaz en franc\u00e9s, abriendo puertas a nuevas oportunidades y una mentalidad m\u00e1s abierta.<\/strong><\/p>\n<\/div><\/div>\n\n\n\n<h2 class=\"wp-block-heading\">Beneficios de Aprender Franc\u00e9s<\/h2>\n\n\n\n<div class=\"wp-block-media-text has-media-on-the-right is-stacked-on-mobile\"><div class=\"wp-block-media-text__content\">\n<p>Socializaci\u00f3n; Aprender franc\u00e9s, te permite comunicar con una amplia gama de personas, expandiendo tus horizontes sociales y culturales.<\/p>\n\n\n\n<p>Mejora la memoria; Al aprender un nuevo idioma son usadas partes del cerebro que normalmente no usa una persona monoling\u00fce.<\/p>\n\n\n\n<p>Oportunidades Futuras; Dominar el franc\u00e9s abre puertas a becas, amistades internacionales y ventajas profesionales en el futuro.<\/p>\n<\/div><figure class=\"wp-block-media-text__media\"><img decoding=\"async\" width=\"1024\" height=\"819\" data-src=\"https:\/\/alianzama.edu.mx\/wp-content\/uploads\/2024\/05\/6-1024x819.png\" alt=\"\" class=\"wp-image-858 size-full lazyload\" data-srcset=\"https:\/\/alianzama.edu.mx\/wp-content\/uploads\/2024\/05\/6-1024x819.png 1024w, https:\/\/alianzama.edu.mx\/wp-content\/uploads\/2024\/05\/6-300x240.png 300w, https:\/\/alianzama.edu.mx\/wp-content\/uploads\/2024\/05\/6-768x614.png 768w, https:\/\/alianzama.edu.mx\/wp-content\/uploads\/2024\/05\/6-1536x1229.png 1536w, https:\/\/alianzama.edu.mx\/wp-content\/uploads\/2024\/05\/6-1350x1080.png 1350w, https:\/\/alianzama.edu.mx\/wp-content\/uploads\/2024\/05\/6.png 2000w\" data-sizes=\"(max-width: 1024px) 100vw, 1024px\" src=\"data:image\/gif;base64,R0lGODlhAQABAAAAACH5BAEKAAEALAAAAAABAAEAAAICTAEAOw==\" style=\"--smush-placeholder-width: 1024px; --smush-placeholder-aspect-ratio: 1024\/819;\" \/><\/figure><\/div>\n\n\n\n<h2 class=\"wp-block-heading\">Nuestro Programa Paso a Paso<\/h2>\n\n\n\n<div class=\"wp-block-media-text is-stacked-on-mobile\"><figure class=\"wp-block-media-text__media\"><img decoding=\"async\" width=\"1024\" height=\"819\" data-src=\"https:\/\/alianzama.edu.mx\/wp-content\/uploads\/2024\/05\/7-1024x819.png\" alt=\"\" class=\"wp-image-859 size-full lazyload\" data-srcset=\"https:\/\/alianzama.edu.mx\/wp-content\/uploads\/2024\/05\/7-1024x819.png 1024w, https:\/\/alianzama.edu.mx\/wp-content\/uploads\/2024\/05\/7-300x240.png 300w, https:\/\/alianzama.edu.mx\/wp-content\/uploads\/2024\/05\/7-768x614.png 768w, https:\/\/alianzama.edu.mx\/wp-content\/uploads\/2024\/05\/7-1536x1229.png 1536w, https:\/\/alianzama.edu.mx\/wp-content\/uploads\/2024\/05\/7-1350x1080.png 1350w, https:\/\/alianzama.edu.mx\/wp-content\/uploads\/2024\/05\/7.png 2000w\" data-sizes=\"(max-width: 1024px) 100vw, 1024px\" src=\"data:image\/gif;base64,R0lGODlhAQABAAAAACH5BAEKAAEALAAAAAABAAEAAAICTAEAOw==\" style=\"--smush-placeholder-width: 1024px; --smush-placeholder-aspect-ratio: 1024\/819;\" \/><\/figure><div class=\"wp-block-media-text__content\">\n<p>Vocabulario: Introducimos los sonidos, vocabulario y primeras expresiones en franc\u00e9s, permitiendo que los ni\u00f1os identifiquen lo que se dice y sigan instrucciones sencillas.<\/p>\n\n\n\n<p>Expresi\u00f3n oral: Construimos confianza para que te expreses, experimentes y disfrutes aprendiendo otro idioma.<\/p>\n\n\n\n<p>Comprensi\u00f3n auditiva: Consolidamos habilidades auditivas para entender conversaciones permitiendo tener una libre expresi\u00f3n sobre temas cotidianos.<\/p>\n<\/div><\/div>\n\n\n\n<h2 class=\"wp-block-heading has-text-align-center\">\u00bfQui\u00e9nes pueden aprender franc\u00e9s?<\/h2>\n\n\n\n<figure class=\"wp-block-gallery has-nested-images columns-default is-cropped wp-block-gallery-2 is-layout-flex wp-block-gallery-is-layout-flex\">\n<figure class=\"wp-block-image size-large\"><img decoding=\"async\" width=\"1024\" height=\"819\" data-id=\"864\" data-src=\"https:\/\/alianzama.edu.mx\/wp-content\/uploads\/2024\/06\/10-1024x819.png\" alt=\"\" class=\"wp-image-864 lazyload\" data-srcset=\"https:\/\/alianzama.edu.mx\/wp-content\/uploads\/2024\/06\/10-1024x819.png 1024w, https:\/\/alianzama.edu.mx\/wp-content\/uploads\/2024\/06\/10-300x240.png 300w, https:\/\/alianzama.edu.mx\/wp-content\/uploads\/2024\/06\/10-768x614.png 768w, https:\/\/alianzama.edu.mx\/wp-content\/uploads\/2024\/06\/10-1536x1229.png 1536w, https:\/\/alianzama.edu.mx\/wp-content\/uploads\/2024\/06\/10-1350x1080.png 1350w, https:\/\/alianzama.edu.mx\/wp-content\/uploads\/2024\/06\/10.png 2000w\" data-sizes=\"(max-width: 1024px) 100vw, 1024px\" src=\"data:image\/gif;base64,R0lGODlhAQABAAAAACH5BAEKAAEALAAAAAABAAEAAAICTAEAOw==\" style=\"--smush-placeholder-width: 1024px; --smush-placeholder-aspect-ratio: 1024\/819;\" \/><\/figure>\n\n\n\n<figure class=\"wp-block-image size-large\"><img decoding=\"async\" width=\"1024\" height=\"819\" data-id=\"865\" data-src=\"https:\/\/alianzama.edu.mx\/wp-content\/uploads\/2024\/06\/8-1-1024x819.png\" alt=\"\" class=\"wp-image-865 lazyload\" data-srcset=\"https:\/\/alianzama.edu.mx\/wp-content\/uploads\/2024\/06\/8-1-1024x819.png 1024w, https:\/\/alianzama.edu.mx\/wp-content\/uploads\/2024\/06\/8-1-300x240.png 300w, https:\/\/alianzama.edu.mx\/wp-content\/uploads\/2024\/06\/8-1-768x614.png 768w, https:\/\/alianzama.edu.mx\/wp-content\/uploads\/2024\/06\/8-1-1536x1229.png 1536w, https:\/\/alianzama.edu.mx\/wp-content\/uploads\/2024\/06\/8-1-1350x1080.png 1350w, https:\/\/alianzama.edu.mx\/wp-content\/uploads\/2024\/06\/8-1.png 2000w\" data-sizes=\"(max-width: 1024px) 100vw, 1024px\" src=\"data:image\/gif;base64,R0lGODlhAQABAAAAACH5BAEKAAEALAAAAAABAAEAAAICTAEAOw==\" style=\"--smush-placeholder-width: 1024px; --smush-placeholder-aspect-ratio: 1024\/819;\" \/><\/figure>\n\n\n\n<figure class=\"wp-block-image size-large\"><img decoding=\"async\" width=\"1024\" height=\"819\" data-id=\"867\" data-src=\"https:\/\/alianzama.edu.mx\/wp-content\/uploads\/2024\/06\/11-1-1024x819.png\" alt=\"\" class=\"wp-image-867 lazyload\" data-srcset=\"https:\/\/alianzama.edu.mx\/wp-content\/uploads\/2024\/06\/11-1-1024x819.png 1024w, https:\/\/alianzama.edu.mx\/wp-content\/uploads\/2024\/06\/11-1-300x240.png 300w, https:\/\/alianzama.edu.mx\/wp-content\/uploads\/2024\/06\/11-1-768x614.png 768w, https:\/\/alianzama.edu.mx\/wp-content\/uploads\/2024\/06\/11-1-1536x1229.png 1536w, https:\/\/alianzama.edu.mx\/wp-content\/uploads\/2024\/06\/11-1-1350x1080.png 1350w, https:\/\/alianzama.edu.mx\/wp-content\/uploads\/2024\/06\/11-1.png 2000w\" data-sizes=\"(max-width: 1024px) 100vw, 1024px\" src=\"data:image\/gif;base64,R0lGODlhAQABAAAAACH5BAEKAAEALAAAAAABAAEAAAICTAEAOw==\" style=\"--smush-placeholder-width: 1024px; --smush-placeholder-aspect-ratio: 1024\/819;\" \/><\/figure>\n<\/figure>\n\n\n\n<h2 class=\"wp-block-heading has-text-align-center\">Nuestro Enfoque Educativo<\/h2>\n\n\n\n<div class=\"wp-block-columns is-layout-flex wp-container-core-columns-is-layout-9d6595d7 wp-block-columns-is-layout-flex\">\n<div class=\"wp-block-column is-layout-flow wp-block-column-is-layout-flow\">\n<p class=\"has-text-align-center\">Aprendizaje Divertido<\/p>\n\n\n\n<p class=\"has-text-align-center\">Nuestro programa utiliza un enfoque l\u00fadico y estimulante para que los ni\u00f1os disfruten del proceso de aprendizaje.<\/p>\n<\/div>\n\n\n\n<div class=\"wp-block-column is-layout-flow wp-block-column-is-layout-flow\">\n<p class=\"has-text-align-center\">Desarrollo Integral<\/p>\n\n\n\n<p class=\"has-text-align-center\">Adem\u00e1s de las habilidades ling\u00fc\u00edsticas, fomentamos el crecimiento cognitivo, social y personal de los estudiantes.<\/p>\n<\/div>\n\n\n\n<div class=\"wp-block-column is-layout-flow wp-block-column-is-layout-flow\">\n<p class=\"has-text-align-center\">Progreso Estrat\u00e9gico<\/p>\n\n\n\n<p class=\"has-text-align-center\">El avance de los estudiantes es cuidadosamente<br>monitoreado para asegurar un desarrollo \u00f3ptimo.<\/p>\n<\/div>\n<\/div>\n\n\n\n<h2 class=\"wp-block-heading has-text-align-center\">\u00a1Comienza Hoy!<\/h2>\n\n\n\n<p class=\"has-text-align-center\"><strong>\u00a1Inscr\u00edbete hoy y desarrolla tus habilidades ling\u00fc\u00edsticas que te abrir\u00e1n puertas a un futuro lleno de posibilidades!<\/strong><\/p>\n\t\t\t\t\t\t\t\t<\/div>\n\t\t\t\t<\/div>\n\t\t\t\t\t<\/div>\n\t\t\t\t<\/div>\n\t\t<div class=\"elementor-element elementor-element-7c02c26 e-con-full e-flex e-con e-parent\" data-id=\"7c02c26\" data-element_type=\"container\">\n\t\t\t\t<div class=\"elementor-element elementor-element-f2e885e elementor-widget__width-inherit elementor-widget elementor-widget-html\" data-id=\"f2e885e\" data-element_type=\"widget\" data-widget_type=\"html.default\">\n\t\t\t\t<div class=\"elementor-widget-container\">\n\t\t\t\t\t<!DOCTYPE html>\r\n<html lang=\"es\">\r\n<head>\r\n    <meta charset=\"UTF-8\">\r\n    <meta name=\"viewport\" content=\"width=device-width, initial-scale=1.0\">\r\n    <title>Pie de P\u00e1gina<\/title>\r\n    <link rel=\"stylesheet\" href=\"https:\/\/cdnjs.cloudflare.com\/ajax\/libs\/font-awesome\/5.15.3\/css\/all.min.css\">\r\n    <style>\r\n        .caja {\r\n            background-color: #111;\r\n            color: white;\r\n            padding: 20px 0;\r\n            text-align: center;\r\n            display: flex;\r\n            flex-wrap: wrap;\r\n            flex: 1;\r\n        }\r\n        .cajas {\r\n            flex: 1;\r\n            min-width:250PX;\r\n            margin: 10px;\r\n            padding: 10px;\r\n            background-color: #222;\r\n            border-radius: 5px;\r\n            box-sizing: border-box;\r\n        }\r\n        .cajat{\r\n        margin: auto\r\n        }\r\n        .cajas .Tcajas {\r\n            margin-top: 0;\r\n            font-size: 1.2em;\r\n            color: rgb(228, 228, 228);\r\n        }\r\n        .cajas .pcajas   {\r\n            margin: 5px 0;\r\n            font-size: 1em;\r\n        }\r\n        .cajas i {\r\n            font-size: 2em;\r\n            margin-bottom: 10px;\r\n        }\r\n\r\n        .footer-content.center-xs{\r\n            background-color: #111\r\n        }\r\n        .hero-title{\r\n            font-weight: 500 !important;\r\n        i{\r\n            font-family: Sans-Serif\r\n        }\r\n    <\/style>\r\n<\/head>\r\n<body>\r\n    <!-- Otros contenidos de la p\u00e1gina -->\r\n\r\n    <footer class=\"caja\">\r\n        <div class=\"cajat\">\r\n            <img decoding=\"async\" data-src=\"https:\/\/alianzama.edu.mx\/wp-content\/uploads\/2021\/04\/LOGOTRANS.png\" width=\"250px\" src=\"data:image\/gif;base64,R0lGODlhAQABAAAAACH5BAEKAAEALAAAAAABAAEAAAICTAEAOw==\" class=\"lazyload\" style=\"--smush-placeholder-width: 1366px; --smush-placeholder-aspect-ratio: 1366\/768;\">\r\n        <\/div>\r\n        <div class=\"cajas\">\r\n            <i class=\"fas fa-phone-alt\"><\/i>\r\n            <h3 class=\"Tcajas\">Tel\u00e9fono<\/h3>\r\n            <p class=\"pcajas\">Campus Tlaxiaco: (953) 2397626<\/p>\r\n            <hr>\r\n            <p>Campus Pinotepa: (954) 206 1910 <br>(953) 229 5158<\/p>\r\n        <\/div>\r\n        <div class=\"cajas\">\r\n            <i class=\"fas fa-envelope\"><\/i>\r\n            <h3 class=\"Tcajas\">Correo Electr\u00f3nico<\/h3>\r\n            <p class=\"pcajas\">isiama.20361ctlaxiaco@gmail.com<\/p>\r\n            <hr>\r\n            <p class=\"pcajas\">isiama.pinotepa.20361@gmail.com<\/p>\r\n        <\/div>\r\n        <div class=\"cajas\">\r\n            <i class=\"fas fa-map-marker-alt\"><\/i>\r\n            <h3 class=\"Tcajas\">Ubicaci\u00f3n<\/h3>\r\n            <p class=\"pcajas\">Calle Tercera Ote. 105, Centro, 71600 Santiago Pinotepa Nacional, Oax., M\u00e9xico<\/p>\r\n        <\/div>\r\n    <\/footer>\r\n<\/body>\r\n<\/html>\t\t\t\t<\/div>\n\t\t\t\t<\/div>\n\t\t\t\t<\/div>\n\t\t\t\t<\/div>\n\t\t","protected":false},"excerpt":{"rendered":"<p>Nuestro Programa de Franc\u00e9s Nuestro programa infantil de franc\u00e9s est\u00e1 dise\u00f1ado para adquirir un nuevo idioma. A trav\u00e9s de un enfoque divertido y estimulante, desarrollar\u00e1s habilidades de comunicaci\u00f3n eficaz en&hellip; <br \/> <a class=\"read-more\" href=\"https:\/\/alianzama.edu.mx\/?page_id=856\">Leer m\u00e1s<\/a><\/p>\n","protected":false},"author":1,"featured_media":0,"parent":0,"menu_order":0,"comment_status":"closed","ping_status":"closed","template":"elementor_header_footer","meta":{"footnotes":""},"class_list":["post-856","page","type-page","status-publish","hentry"],"_links":{"self":[{"href":"https:\/\/alianzama.edu.mx\/index.php?rest_route=\/wp\/v2\/pages\/856","targetHints":{"allow":["GET"]}}],"collection":[{"href":"https:\/\/alianzama.edu.mx\/index.php?rest_route=\/wp\/v2\/pages"}],"about":[{"href":"https:\/\/alianzama.edu.mx\/index.php?rest_route=\/wp\/v2\/types\/page"}],"author":[{"embeddable":true,"href":"https:\/\/alianzama.edu.mx\/index.php?rest_route=\/wp\/v2\/users\/1"}],"replies":[{"embeddable":true,"href":"https:\/\/alianzama.edu.mx\/index.php?rest_route=%2Fwp%2Fv2%2Fcomments&post=856"}],"version-history":[{"count":5,"href":"https:\/\/alianzama.edu.mx\/index.php?rest_route=\/wp\/v2\/pages\/856\/revisions"}],"predecessor-version":[{"id":1978,"href":"https:\/\/alianzama.edu.mx\/index.php?rest_route=\/wp\/v2\/pages\/856\/revisions\/1978"}],"wp:attachment":[{"href":"https:\/\/alianzama.edu.mx\/index.php?rest_route=%2Fwp%2Fv2%2Fmedia&parent=856"}],"curies":[{"name":"wp","href":"https:\/\/api.w.org\/{rel}","templated":true}]}}