{"id":30,"date":"2021-01-09T18:11:57","date_gmt":"2021-01-09T18:11:57","guid":{"rendered":"http:\/\/3.128.5.7\/?page_id=30"},"modified":"2025-02-05T23:30:06","modified_gmt":"2025-02-05T23:30:06","slug":"aula-virtual","status":"publish","type":"page","link":"https:\/\/alianzama.edu.mx\/?page_id=30","title":{"rendered":"AULA VIRTUAL"},"content":{"rendered":"\t\t<div data-elementor-type=\"wp-page\" data-elementor-id=\"30\" class=\"elementor elementor-30\">\n\t\t\t\t<div class=\"elementor-element elementor-element-5f10f93c e-flex e-con-boxed e-con e-parent\" data-id=\"5f10f93c\" data-element_type=\"container\">\n\t\t\t\t\t<div class=\"e-con-inner\">\n\t\t\t\t<div class=\"elementor-element elementor-element-a721d69 elementor-widget elementor-widget-heading\" data-id=\"a721d69\" data-element_type=\"widget\" data-widget_type=\"heading.default\">\n\t\t\t\t<div class=\"elementor-widget-container\">\n\t\t\t\t\t<h2 class=\"elementor-heading-title elementor-size-default\">AULA VIRTUAL<\/h2>\t\t\t\t<\/div>\n\t\t\t\t<\/div>\n\t\t\t\t<div class=\"elementor-element elementor-element-911e6dd elementor-widget elementor-widget-html\" data-id=\"911e6dd\" data-element_type=\"widget\" data-widget_type=\"html.default\">\n\t\t\t\t<div class=\"elementor-widget-container\">\n\t\t\t\t\t<button class=\"readmore-btn\" onclick=\"window.location.href='https:\/\/alianzama.edu.mx\/virtual\/'\">\r\n  <span class=\"book-wrapper\">\r\n    <svg\r\n      xmlns=\"http:\/\/www.w3.org\/2000\/svg\"\r\n      fill=\"rgb(86, 69, 117)\"\r\n      viewBox=\"0 0 126 75\"\r\n      class=\"book\"\r\n    >\r\n      <rect\r\n        stroke-width=\"3\"\r\n        stroke=\"#fff\"\r\n        rx=\"7.5\"\r\n        height=\"70\"\r\n        width=\"121\"\r\n        y=\"2.5\"\r\n        x=\"2.5\"\r\n      ><\/rect>\r\n      <line stroke-width=\"3\" stroke=\"#fff\" y2=\"75\" x2=\"63.5\" x1=\"63.5\"><\/line>\r\n      <path\r\n        stroke-linecap=\"round\"\r\n        stroke-width=\"4\"\r\n        stroke=\"#fff\"\r\n        d=\"M25 20H50\"\r\n      ><\/path>\r\n      <path\r\n        stroke-linecap=\"round\"\r\n        stroke-width=\"4\"\r\n        stroke=\"#fff\"\r\n        d=\"M101 20H76\"\r\n      ><\/path>\r\n      <path\r\n        stroke-linecap=\"round\"\r\n        stroke-width=\"4\"\r\n        stroke=\"#fff\"\r\n        d=\"M16 30L50 30\"\r\n      ><\/path>\r\n      <path\r\n        stroke-linecap=\"round\"\r\n        stroke-width=\"4\"\r\n        stroke=\"#fff\"\r\n        d=\"M110 30L76 30\"\r\n      ><\/path>\r\n    <\/svg>\r\n\r\n    <svg\r\n      xmlns=\"http:\/\/www.w3.org\/2000\/svg\"\r\n      fill=\"none\"\r\n      viewBox=\"0 0 65 75\"\r\n      class=\"book-page\"\r\n    >\r\n      <path\r\n        stroke-linecap=\"round\"\r\n        stroke-width=\"4\"\r\n        stroke=\"#fff\"\r\n        d=\"M40 20H15\"\r\n      ><\/path>\r\n      <path\r\n        stroke-linecap=\"round\"\r\n        stroke-width=\"4\"\r\n        stroke=\"#fff\"\r\n        d=\"M49 30L15 30\"\r\n      ><\/path>\r\n      <path\r\n        stroke-width=\"3\"\r\n        stroke=\"#fff\"\r\n        d=\"M2.5 2.5H55C59.1421 2.5 62.5 5.85786 62.5 10V65C62.5 69.1421 59.1421 72.5 55 72.5H2.5V2.5Z\"\r\n      ><\/path>\r\n    <\/svg>\r\n  <\/span>\r\n  <span class=\"text\"> AULA VIRTUAL <\/span>\r\n<\/button>\r\n<style>\r\n.readmore-btn {\r\n  width: fit-content;\r\n  height: 70px;\r\n  display: flex;\r\n  align-items: center;\r\n  justify-content: center;\r\n  cursor: pointer;\r\n  background-color: #000;\r\n  border: none;\r\n  border-radius: 10px;\r\n  padding: 0px 15px;\r\n  gap: 0px;\r\n  transition: all 0.4s;\r\n}\r\n.book-wrapper {\r\n  display: flex;\r\n  align-items: center;\r\n  justify-content: flex-end;\r\n  position: relative;\r\n  width: 70px;\r\n  height: 100%;\r\n}\r\n.book-wrapper .book-page {\r\n  width: 50%;\r\n  height: auto;\r\n  position: absolute;\r\n}\r\n.readmore-btn:hover .book-page {\r\n  animation: paging 0.4s linear infinite;\r\n  transform-origin: left;\r\n}\r\n.readmore-btn:hover {\r\n  background-color:#222;\r\n}\r\n@keyframes paging {\r\n  0% {\r\n    transform: rotateY(0deg) skewY(0deg);\r\n  }\r\n  50% {\r\n    transform: rotateY(90deg) skewY(-20deg);\r\n  }\r\n  100% {\r\n    transform: rotateY(180deg) skewY(0deg);\r\n  }\r\n}\r\n.text {\r\n  width: 105px;\r\n  height: 100%;\r\n  display: flex;\r\n  align-items: center;\r\n  justify-content: center;\r\n  font-weight: 600;\r\n  font-size: 15px;\r\n  color: rgb(255, 255, 255);\r\n}\r\n<\/style>\r\n\t\t\t\t<\/div>\n\t\t\t\t<\/div>\n\t\t<div class=\"elementor-element elementor-element-f140d08 e-con-full e-flex e-con e-child\" data-id=\"f140d08\" data-element_type=\"container\">\n\t\t<div class=\"elementor-element elementor-element-bf2a97b e-con-full e-grid e-con e-child\" data-id=\"bf2a97b\" data-element_type=\"container\">\n\t\t\t\t<div class=\"elementor-element elementor-element-4f3804c elementor-widget elementor-widget-image\" data-id=\"4f3804c\" data-element_type=\"widget\" data-widget_type=\"image.default\">\n\t\t\t\t<div class=\"elementor-widget-container\">\n\t\t\t\t\t\t\t\t\t\t\t\t\t\t\t<img fetchpriority=\"high\" decoding=\"async\" width=\"1024\" height=\"768\" src=\"https:\/\/alianzama.edu.mx\/wp-content\/uploads\/2021\/01\/pandasecurity-inteligencia-artificial-1-1024x768.jpg\" class=\"attachment-large size-large wp-image-271\" alt=\"\" srcset=\"https:\/\/alianzama.edu.mx\/wp-content\/uploads\/2021\/01\/pandasecurity-inteligencia-artificial-1-1024x768.jpg 1024w, https:\/\/alianzama.edu.mx\/wp-content\/uploads\/2021\/01\/pandasecurity-inteligencia-artificial-1-300x225.jpg 300w, https:\/\/alianzama.edu.mx\/wp-content\/uploads\/2021\/01\/pandasecurity-inteligencia-artificial-1-768x576.jpg 768w, https:\/\/alianzama.edu.mx\/wp-content\/uploads\/2021\/01\/pandasecurity-inteligencia-artificial-1.jpg 1280w\" sizes=\"(max-width: 1024px) 100vw, 1024px\" \/>\t\t\t\t\t\t\t\t\t\t\t\t\t\t\t<\/div>\n\t\t\t\t<\/div>\n\t\t\t\t<div class=\"elementor-element elementor-element-e001966 elementor-widget elementor-widget-image\" data-id=\"e001966\" data-element_type=\"widget\" data-widget_type=\"image.default\">\n\t\t\t\t<div class=\"elementor-widget-container\">\n\t\t\t\t\t\t\t\t\t\t\t\t\t\t\t<img decoding=\"async\" width=\"544\" height=\"405\" data-src=\"https:\/\/alianzama.edu.mx\/wp-content\/uploads\/2021\/01\/roastbrief-inteligencia-artificial-mascas-que-la-estan-haciendo-en-grande-780x405-1-e1738795452831.jpg\" class=\"attachment-large size-large wp-image-260 lazyload\" alt=\"\" data-srcset=\"https:\/\/alianzama.edu.mx\/wp-content\/uploads\/2021\/01\/roastbrief-inteligencia-artificial-mascas-que-la-estan-haciendo-en-grande-780x405-1-e1738795452831.jpg 544w, https:\/\/alianzama.edu.mx\/wp-content\/uploads\/2021\/01\/roastbrief-inteligencia-artificial-mascas-que-la-estan-haciendo-en-grande-780x405-1-e1738795452831-300x223.jpg 300w\" data-sizes=\"(max-width: 544px) 100vw, 544px\" src=\"data:image\/gif;base64,R0lGODlhAQABAAAAACH5BAEKAAEALAAAAAABAAEAAAICTAEAOw==\" style=\"--smush-placeholder-width: 544px; --smush-placeholder-aspect-ratio: 544\/405;\" \/>\t\t\t\t\t\t\t\t\t\t\t\t\t\t\t<\/div>\n\t\t\t\t<\/div>\n\t\t\t\t<\/div>\n\t\t\t\t<\/div>\n\t\t\t\t<div class=\"elementor-element elementor-element-063de84 elementor-widget elementor-widget-text-editor\" data-id=\"063de84\" data-element_type=\"widget\" data-widget_type=\"text-editor.default\">\n\t\t\t\t<div class=\"elementor-widget-container\">\n\t\t\t\t\t\t\t\t\t<p class=\"has-text-align-center\"><strong>Las\u00a0aulas virtuales son una nueva modalidad educativa que se desarrolla de manera complementaria o independiente a las formas tradicionales de educaci\u00f3n, y que surge a partir de la incorporaci\u00f3n de las tecnolog\u00edas de informaci\u00f3n y comunicaci\u00f3n (TIC), en los procesos de ense\u00f1anza-aprendizaje. Actualmente se utiliza en muchas universidades, escuelas y organizaciones laborales.<\/strong><\/p>\n<p><!-- \/wp:paragraph --><!-- wp:paragraph {\"align\":\"center\"} --><\/p>\n<p class=\"has-text-align-center\"><strong>En este espacio llamado aula virtual se realizan distintas formas de trabajo colaborativo configurando un escenario de ense\u00f1anza a trav\u00e9s de los recursos de la\u00a0web.\u200b<\/strong><\/p>\n<p><!-- \/wp:paragraph --><!-- wp:paragraph {\"align\":\"center\"} --><\/p>\n<p class=\"has-text-align-center\"><strong>Las TIC abren, sin duda, por sus propias caracter\u00edsticas, nuevas posibilidades de innovaci\u00f3n y mejora de los procesos formales de ense\u00f1anza y aprendizaje, pero la mera incorporaci\u00f3n de herramientas tecnol\u00f3gicas a las pr\u00e1cticas educativas no garantiza en modo alguno que esa mejora se produzca realmente. De hecho, existen indicios de que lo que ocurre, al menos en determinadas ocasiones, es exactamente lo contrario: que la introducci\u00f3n de las TIC en las pr\u00e1cticas educativas sirve m\u00e1s para reforzar los modelos dominantes y ya establecidos de ense\u00f1anza y aprendizaje que para modificarlos.<\/strong><\/p>\t\t\t\t\t\t\t\t<\/div>\n\t\t\t\t<\/div>\n\t\t<div class=\"elementor-element elementor-element-b4c5719 e-grid e-con-full e-con e-child\" data-id=\"b4c5719\" data-element_type=\"container\">\n\t\t\t\t<div class=\"elementor-element elementor-element-d827a5b elementor-widget elementor-widget-image\" data-id=\"d827a5b\" data-element_type=\"widget\" data-widget_type=\"image.default\">\n\t\t\t\t<div class=\"elementor-widget-container\">\n\t\t\t\t\t\t\t\t\t\t\t\t\t\t\t<img decoding=\"async\" width=\"1024\" height=\"683\" data-src=\"https:\/\/alianzama.edu.mx\/wp-content\/uploads\/2021\/01\/inteligencia-artificial_5-1024x683.jpg\" class=\"attachment-large size-large wp-image-261 lazyload\" alt=\"\" data-srcset=\"https:\/\/alianzama.edu.mx\/wp-content\/uploads\/2021\/01\/inteligencia-artificial_5-1024x683.jpg 1024w, https:\/\/alianzama.edu.mx\/wp-content\/uploads\/2021\/01\/inteligencia-artificial_5-300x200.jpg 300w, https:\/\/alianzama.edu.mx\/wp-content\/uploads\/2021\/01\/inteligencia-artificial_5-768x512.jpg 768w, https:\/\/alianzama.edu.mx\/wp-content\/uploads\/2021\/01\/inteligencia-artificial_5.jpg 1200w\" data-sizes=\"(max-width: 1024px) 100vw, 1024px\" src=\"data:image\/gif;base64,R0lGODlhAQABAAAAACH5BAEKAAEALAAAAAABAAEAAAICTAEAOw==\" style=\"--smush-placeholder-width: 1024px; --smush-placeholder-aspect-ratio: 1024\/683;\" \/>\t\t\t\t\t\t\t\t\t\t\t\t\t\t\t<\/div>\n\t\t\t\t<\/div>\n\t\t\t\t<div class=\"elementor-element elementor-element-eff2da7 elementor-widget elementor-widget-image\" data-id=\"eff2da7\" data-element_type=\"widget\" data-widget_type=\"image.default\">\n\t\t\t\t<div class=\"elementor-widget-container\">\n\t\t\t\t\t\t\t\t\t\t\t\t\t\t\t<img decoding=\"async\" width=\"1024\" height=\"683\" data-src=\"https:\/\/alianzama.edu.mx\/wp-content\/uploads\/2021\/01\/inteligencia-artificial-e1738796264889-1024x683.jpg\" class=\"attachment-large size-large wp-image-258 lazyload\" alt=\"\" data-srcset=\"https:\/\/alianzama.edu.mx\/wp-content\/uploads\/2021\/01\/inteligencia-artificial-e1738796264889-1024x683.jpg 1024w, https:\/\/alianzama.edu.mx\/wp-content\/uploads\/2021\/01\/inteligencia-artificial-e1738796264889-300x200.jpg 300w, https:\/\/alianzama.edu.mx\/wp-content\/uploads\/2021\/01\/inteligencia-artificial-e1738796264889-768x512.jpg 768w, https:\/\/alianzama.edu.mx\/wp-content\/uploads\/2021\/01\/inteligencia-artificial-e1738796264889.jpg 1080w\" data-sizes=\"(max-width: 1024px) 100vw, 1024px\" src=\"data:image\/gif;base64,R0lGODlhAQABAAAAACH5BAEKAAEALAAAAAABAAEAAAICTAEAOw==\" style=\"--smush-placeholder-width: 1024px; --smush-placeholder-aspect-ratio: 1024\/683;\" \/>\t\t\t\t\t\t\t\t\t\t\t\t\t\t\t<\/div>\n\t\t\t\t<\/div>\n\t\t\t\t<\/div>\n\t\t\t\t\t<\/div>\n\t\t\t\t<\/div>\n\t\t<div class=\"elementor-element elementor-element-5987e6b e-con-full e-flex e-con e-parent\" data-id=\"5987e6b\" data-element_type=\"container\">\n\t\t\t\t<div class=\"elementor-element elementor-element-7b574b9 elementor-widget__width-inherit elementor-widget elementor-widget-html\" data-id=\"7b574b9\" data-element_type=\"widget\" data-widget_type=\"html.default\">\n\t\t\t\t<div class=\"elementor-widget-container\">\n\t\t\t\t\t<!DOCTYPE html>\r\n<html lang=\"es\">\r\n<head>\r\n    <meta charset=\"UTF-8\">\r\n    <meta name=\"viewport\" content=\"width=device-width, initial-scale=1.0\">\r\n    <title>Pie de P\u00e1gina<\/title>\r\n    <link rel=\"stylesheet\" href=\"https:\/\/cdnjs.cloudflare.com\/ajax\/libs\/font-awesome\/5.15.3\/css\/all.min.css\">\r\n    <style>\r\n        .caja {\r\n            background-color: #111;\r\n            color: white;\r\n            padding: 20px 0;\r\n            text-align: center;\r\n            display: flex;\r\n            flex-wrap: wrap;\r\n            flex: 1;\r\n        }\r\n        .cajas {\r\n            flex: 1;\r\n            min-width:250PX;\r\n            margin: 10px;\r\n            padding: 10px;\r\n            background-color: #222;\r\n            border-radius: 5px;\r\n            box-sizing: border-box;\r\n        }\r\n        .cajat{\r\n        margin: auto\r\n        }\r\n        .cajas .Tcajas {\r\n            margin-top: 0;\r\n            font-size: 1.2em;\r\n            color: rgb(228, 228, 228);\r\n        }\r\n        .cajas .pcajas   {\r\n            margin: 5px 0;\r\n            font-size: 1em;\r\n        }\r\n        .cajas i {\r\n            font-size: 2em;\r\n            margin-bottom: 10px;\r\n        }\r\n\r\n        .footer-content.center-xs{\r\n            background-color: #111\r\n        }\r\n        .hero-title{\r\n            font-weight: 500 !important;\r\n        i{\r\n            font-family: Sans-Serif\r\n        }\r\n    <\/style>\r\n<\/head>\r\n<body>\r\n    <!-- Otros contenidos de la p\u00e1gina -->\r\n\r\n    <footer class=\"caja\">\r\n        <div class=\"cajat\">\r\n            <img decoding=\"async\" data-src=\"https:\/\/alianzama.edu.mx\/wp-content\/uploads\/2021\/04\/LOGOTRANS.png\" width=\"250px\" src=\"data:image\/gif;base64,R0lGODlhAQABAAAAACH5BAEKAAEALAAAAAABAAEAAAICTAEAOw==\" class=\"lazyload\" style=\"--smush-placeholder-width: 1366px; --smush-placeholder-aspect-ratio: 1366\/768;\">\r\n        <\/div>\r\n        <div class=\"cajas\">\r\n            <i class=\"fas fa-phone-alt\"><\/i>\r\n            <h3 class=\"Tcajas\">Tel\u00e9fono<\/h3>\r\n            <p class=\"pcajas\">Campus Tlaxiaco: (953) 2397626<\/p>\r\n            <hr>\r\n            <p>Campus Pinotepa: (954) 206 1910 <br>(953) 229 5158<\/p>\r\n        <\/div>\r\n        <div class=\"cajas\">\r\n            <i class=\"fas fa-envelope\"><\/i>\r\n            <h3 class=\"Tcajas\">Correo Electr\u00f3nico<\/h3>\r\n            <p class=\"pcajas\">isiama.20361ctlaxiaco@gmail.com<\/p>\r\n            <hr>\r\n            <p class=\"pcajas\">isiama.pinotepa.20361@gmail.com<\/p>\r\n        <\/div>\r\n        <div class=\"cajas\">\r\n            <i class=\"fas fa-map-marker-alt\"><\/i>\r\n            <h3 class=\"Tcajas\">Ubicaci\u00f3n<\/h3>\r\n            <p class=\"pcajas\">Calle Tercera Ote. 105, Centro, 71600 Santiago Pinotepa Nacional, Oax., M\u00e9xico<\/p>\r\n        <\/div>\r\n    <\/footer>\r\n<\/body>\r\n<\/html>\t\t\t\t<\/div>\n\t\t\t\t<\/div>\n\t\t\t\t<\/div>\n\t\t\t\t<\/div>\n\t\t","protected":false},"excerpt":{"rendered":"<p>AULA VIRTUAL AULA VIRTUAL Las\u00a0aulas virtuales son una nueva modalidad educativa que se desarrolla de manera complementaria o independiente a las formas tradicionales de educaci\u00f3n, y que surge a partir&hellip; <br \/> <a class=\"read-more\" href=\"https:\/\/alianzama.edu.mx\/?page_id=30\">Leer m\u00e1s<\/a><\/p>\n","protected":false},"author":1,"featured_media":0,"parent":0,"menu_order":10,"comment_status":"closed","ping_status":"closed","template":"elementor_header_footer","meta":{"footnotes":""},"class_list":["post-30","page","type-page","status-publish","hentry"],"_links":{"self":[{"href":"https:\/\/alianzama.edu.mx\/index.php?rest_route=\/wp\/v2\/pages\/30","targetHints":{"allow":["GET"]}}],"collection":[{"href":"https:\/\/alianzama.edu.mx\/index.php?rest_route=\/wp\/v2\/pages"}],"about":[{"href":"https:\/\/alianzama.edu.mx\/index.php?rest_route=\/wp\/v2\/types\/page"}],"author":[{"embeddable":true,"href":"https:\/\/alianzama.edu.mx\/index.php?rest_route=\/wp\/v2\/users\/1"}],"replies":[{"embeddable":true,"href":"https:\/\/alianzama.edu.mx\/index.php?rest_route=%2Fwp%2Fv2%2Fcomments&post=30"}],"version-history":[{"count":28,"href":"https:\/\/alianzama.edu.mx\/index.php?rest_route=\/wp\/v2\/pages\/30\/revisions"}],"predecessor-version":[{"id":2184,"href":"https:\/\/alianzama.edu.mx\/index.php?rest_route=\/wp\/v2\/pages\/30\/revisions\/2184"}],"wp:attachment":[{"href":"https:\/\/alianzama.edu.mx\/index.php?rest_route=%2Fwp%2Fv2%2Fmedia&parent=30"}],"curies":[{"name":"wp","href":"https:\/\/api.w.org\/{rel}","templated":true}]}}