{"id":1943,"date":"2025-01-09T22:18:33","date_gmt":"2025-01-09T22:18:33","guid":{"rendered":"https:\/\/alianzama.edu.mx\/?page_id=1943"},"modified":"2025-01-09T22:18:51","modified_gmt":"2025-01-09T22:18:51","slug":"microsoft-office","status":"publish","type":"page","link":"https:\/\/alianzama.edu.mx\/?page_id=1943","title":{"rendered":"MICROSOFT OFFICE"},"content":{"rendered":"\t\t<div data-elementor-type=\"wp-page\" data-elementor-id=\"1943\" class=\"elementor elementor-1943\">\n\t\t\t\t<div class=\"elementor-element elementor-element-eab3e07 e-flex e-con-boxed elementor-invisible e-con e-parent\" data-id=\"eab3e07\" data-element_type=\"container\" data-settings=\"{&quot;animation&quot;:&quot;zoomInUp&quot;}\">\n\t\t\t\t\t<div class=\"e-con-inner\">\n\t\t<div class=\"elementor-element elementor-element-c80dd2d e-grid e-con-full e-con e-child\" data-id=\"c80dd2d\" data-element_type=\"container\">\n\t\t\t\t<div class=\"elementor-element elementor-element-09be6a5 elementor-widget elementor-widget-image\" data-id=\"09be6a5\" data-element_type=\"widget\" data-widget_type=\"image.default\">\n\t\t\t\t<div class=\"elementor-widget-container\">\n\t\t\t\t\t\t\t\t\t\t\t\t\t\t\t<img fetchpriority=\"high\" decoding=\"async\" width=\"896\" height=\"572\" src=\"https:\/\/alianzama.edu.mx\/wp-content\/uploads\/2025\/01\/MICROSOGT-OFIICE-e1736460202410.webp\" class=\"attachment-large size-large wp-image-1945\" alt=\"\" srcset=\"https:\/\/alianzama.edu.mx\/wp-content\/uploads\/2025\/01\/MICROSOGT-OFIICE-e1736460202410.webp 896w, https:\/\/alianzama.edu.mx\/wp-content\/uploads\/2025\/01\/MICROSOGT-OFIICE-e1736460202410-300x192.webp 300w, https:\/\/alianzama.edu.mx\/wp-content\/uploads\/2025\/01\/MICROSOGT-OFIICE-e1736460202410-768x490.webp 768w\" sizes=\"(max-width: 896px) 100vw, 896px\" \/>\t\t\t\t\t\t\t\t\t\t\t\t\t\t\t<\/div>\n\t\t\t\t<\/div>\n\t\t<div class=\"elementor-element elementor-element-f316d26 e-con-full e-flex e-con e-child\" data-id=\"f316d26\" data-element_type=\"container\">\n\t\t\t\t<div class=\"elementor-element elementor-element-da0c0a4 elementor-widget elementor-widget-heading\" data-id=\"da0c0a4\" data-element_type=\"widget\" data-widget_type=\"heading.default\">\n\t\t\t\t<div class=\"elementor-widget-container\">\n\t\t\t\t\t<h2 class=\"elementor-heading-title elementor-size-default\">MICROSOFT OFFICE<\/h2>\t\t\t\t<\/div>\n\t\t\t\t<\/div>\n\t\t\t\t<div class=\"elementor-element elementor-element-ae8daf0 elementor-widget elementor-widget-text-editor\" data-id=\"ae8daf0\" data-element_type=\"widget\" data-widget_type=\"text-editor.default\">\n\t\t\t\t<div class=\"elementor-widget-container\">\n\t\t\t\t\t\t\t\t\t<p><strong>\u00bfQuieres dominar las herramientas de Office y mejorar tu productividad?<\/strong> Aprende a utilizar Word, Excel, PowerPoint y otras aplicaciones de Office para realizar tareas profesionales y personales de manera eficiente y efectiva. Ya seas estudiante, empresario, profesional o simplemente alguien interesado en mejorar sus habilidades digitales, este curso es para ti. \u00a1No necesitas experiencia previa!<\/p>\t\t\t\t\t\t\t\t<\/div>\n\t\t\t\t<\/div>\n\t\t\t\t<\/div>\n\t\t\t\t<\/div>\n\t\t\t\t\t<\/div>\n\t\t\t\t<\/div>\n\t\t<div class=\"elementor-element elementor-element-fc692f7 e-flex e-con-boxed elementor-invisible e-con e-parent\" data-id=\"fc692f7\" data-element_type=\"container\" data-settings=\"{&quot;animation&quot;:&quot;zoomInDown&quot;}\">\n\t\t\t\t\t<div class=\"e-con-inner\">\n\t\t<div class=\"elementor-element elementor-element-8bb7554 e-con-full e-flex e-con e-child\" data-id=\"8bb7554\" data-element_type=\"container\">\n\t\t\t\t<div class=\"elementor-element elementor-element-57840a4 elementor-widget-mobile__width-inherit elementor-widget elementor-widget-html\" data-id=\"57840a4\" data-element_type=\"widget\" data-widget_type=\"html.default\">\n\t\t\t\t<div class=\"elementor-widget-container\">\n\t\t\t\t\t<div class=\"cube\">\r\n    <div class=\"face front\"><\/div>\r\n    <div class=\"face back\"><\/div>\r\n    <div class=\"face right\"><\/div>\r\n    <div class=\"face left\"><\/div>\r\n    <div class=\"face top\"><\/div>\r\n    <div class=\"face bottom\"><\/div>\r\n<\/div>\r\n<style>\r\n    .cube {\r\n  top: -100px;\r\n  margin: 200px auto 0;\r\n  width: 100px;\r\n  height: 100Px;\r\n  position: relative;\r\n  transform-style: preserve-3d;\r\n  animation: spin 3s infinite cubic-bezier(0.16, 0.61, 0.49, 0.91);\r\n}\r\n\r\n.face {\r\n  position: absolute;\r\n  width: 100%;\r\n  height: 100%;\r\n  background: rgb(67, 191, 207);\r\n  border: 2px solid #fff;\r\n  border-radius: 5px;\r\n  box-shadow: 0 0 15px #fff;\r\n}\r\n\r\n.top {\r\n  transform: rotateX(90deg) translateZ(50px);\r\n  animation: shift-top 3s infinite ease-out;\r\n}\r\n\r\n.bottom {\r\n  transform: rotateX(-90deg) translateZ(50px);\r\n  animation: shift-bottom 3s infinite ease-out;\r\n}\r\n\r\n.right {\r\n  transform: rotateY(90deg) translateZ(50px);\r\n  animation: shift-right 3s infinite ease-out;\r\n}\r\n\r\n.left {\r\n  transform: rotateY(-90deg) translateZ(50px);\r\n  animation: shift-left 3s infinite ease-out;\r\n}\r\n\r\n.front {\r\n  transform: translateZ(50px);\r\n  animation: shift-front 3s infinite ease-out;\r\n}\r\n\r\n.back {\r\n  transform: rotateY(-180deg) translateZ(50px);\r\n  animation: shift-back 3s infinite ease-out;\r\n}\r\n\r\n@keyframes spin {\r\n  33% {\r\n    transform: rotateX(-36deg) rotateY(-405deg);\r\n  }\r\n\r\n  100% {\r\n    transform: rotateX(-36deg) rotateY(-405deg);\r\n  }\r\n}\r\n\r\n@keyframes shift-top {\r\n  33% {\r\n    transform: rotateX(90deg) translateZ(50px);\r\n  }\r\n\r\n  50% {\r\n    transform: rotateX(90deg) translateZ(100px);\r\n  }\r\n\r\n  60% {\r\n    transform: rotateX(90deg) translateZ(100px);\r\n  }\r\n\r\n  75% {\r\n    transform: rotateX(90deg) translateZ(50px);\r\n  }\r\n}\r\n\r\n@keyframes shift-bottom {\r\n  33% {\r\n    transform: rotateX(-90deg) translateZ(50px);\r\n  }\r\n\r\n  50% {\r\n    transform: rotateX(-90deg) translateZ(100px);\r\n  }\r\n\r\n  60% {\r\n    transform: rotateX(-90deg) translateZ(100px);\r\n  }\r\n\r\n  75% {\r\n    transform: rotateX(-90deg) translateZ(50px);\r\n  }\r\n}\r\n\r\n@keyframes shift-right {\r\n  33% {\r\n    transform: rotateY(90deg) translateZ(50px);\r\n  }\r\n\r\n  50% {\r\n    transform: rotateY(90deg) translateZ(100px);\r\n  }\r\n\r\n  60% {\r\n    transform: rotateY(90deg) translateZ(100px);\r\n  }\r\n\r\n  75% {\r\n    transform: rotateY(90deg) translateZ(50px);\r\n  }\r\n}\r\n\r\n@keyframes shift-left {\r\n  33% {\r\n    transform: rotateY(-90deg) translateZ(50px);\r\n  }\r\n\r\n  50% {\r\n    transform: rotateY(-90deg) translateZ(100px);\r\n  }\r\n\r\n  60% {\r\n    transform: rotateY(-90deg) translateZ(100px);\r\n  }\r\n\r\n  75% {\r\n    transform: rotateY(-90deg) translateZ(50px);\r\n  }\r\n}\r\n\r\n@keyframes shift-front {\r\n  33% {\r\n    transform: translateZ(50px);\r\n  }\r\n\r\n  50% {\r\n    transform: translateZ(100px);\r\n  }\r\n\r\n  60% {\r\n    transform: translateZ(100px);\r\n  }\r\n\r\n  75% {\r\n    transform: translateZ(50px);\r\n  }\r\n}\r\n\r\n@keyframes shift-back {\r\n  33% {\r\n    transform: rotateY(-180deg) translateZ(50px);\r\n  }\r\n\r\n  50% {\r\n    transform: rotateY(-180deg) translateZ(100px);\r\n  }\r\n\r\n  60% {\r\n    transform: rotateY(-180deg) translateZ(100px);\r\n  }\r\n\r\n  75% {\r\n    transform: rotateY(-180deg) translateZ(50px);\r\n  }\r\n}\r\n<\/style>\t\t\t\t<\/div>\n\t\t\t\t<\/div>\n\t\t\t\t<\/div>\n\t\t<div class=\"elementor-element elementor-element-592b0d0 e-con-full e-flex e-con e-child\" data-id=\"592b0d0\" data-element_type=\"container\">\n\t\t\t\t<div class=\"elementor-element elementor-element-694394c elementor-widget elementor-widget-heading\" data-id=\"694394c\" data-element_type=\"widget\" data-widget_type=\"heading.default\">\n\t\t\t\t<div class=\"elementor-widget-container\">\n\t\t\t\t\t<h2 class=\"elementor-heading-title elementor-size-default\">\u00bfQU\u00c9 APRENDER\u00c1S?<\/h2>\t\t\t\t<\/div>\n\t\t\t\t<\/div>\n\t\t\t\t<div class=\"elementor-element elementor-element-936ba14 elementor-widget__width-initial elementor-widget elementor-widget-text-editor\" data-id=\"936ba14\" data-element_type=\"widget\" data-widget_type=\"text-editor.default\">\n\t\t\t\t<div class=\"elementor-widget-container\">\n\t\t\t\t\t\t\t\t\t<ul><li><p><strong>Word y Excel<\/strong>: Aprende a crear y gestionar documentos y hojas de c\u00e1lculo.<\/p><\/li><li><p><strong>PowerPoint<\/strong>: Dise\u00f1a presentaciones impactantes y profesionales.<\/p><\/li><li><p><strong>Outlook<\/strong>: Optimiza tu gesti\u00f3n del correo electr\u00f3nico y calendario.<\/p><\/li><li><p><strong style=\"letter-spacing: -0.4px;\">Herramientas y Recursos<\/strong><span style=\"letter-spacing: -0.4px;\">: Conoce las herramientas esenciales de Office.<\/span><\/p><\/li><li><p><strong>Colaboraci\u00f3n en la nube<\/strong>: Aprovecha las ventajas de trabajar en equipo con OneDrive y SharePoint.<\/p><\/li><li><p><strong>Automatizaci\u00f3n con Macros<\/strong>: Mejora la eficiencia de tus tareas repetitivas.<\/p><\/li><li><p><strong>Seguridad de Documentos<\/strong>: Protege tu informaci\u00f3n y datos personales.<\/p><\/li><\/ul>\t\t\t\t\t\t\t\t<\/div>\n\t\t\t\t<\/div>\n\t\t\t\t<\/div>\n\t\t\t\t\t<\/div>\n\t\t\t\t<\/div>\n\t\t<div class=\"elementor-element elementor-element-7166e9e e-flex e-con-boxed elementor-invisible e-con e-parent\" data-id=\"7166e9e\" data-element_type=\"container\" data-settings=\"{&quot;animation&quot;:&quot;bounceInDown&quot;}\">\n\t\t\t\t\t<div class=\"e-con-inner\">\n\t\t<div class=\"elementor-element elementor-element-325df4d e-con-full e-flex e-con e-child\" data-id=\"325df4d\" data-element_type=\"container\">\n\t\t\t\t<div class=\"elementor-element elementor-element-4c7b9e1 elementor-widget elementor-widget-heading\" data-id=\"4c7b9e1\" data-element_type=\"widget\" data-widget_type=\"heading.default\">\n\t\t\t\t<div class=\"elementor-widget-container\">\n\t\t\t\t\t<h2 class=\"elementor-heading-title elementor-size-default\">BENEFICIOS<\/h2>\t\t\t\t<\/div>\n\t\t\t\t<\/div>\n\t\t\t\t<div class=\"elementor-element elementor-element-d1aba55 elementor-widget elementor-widget-text-editor\" data-id=\"d1aba55\" data-element_type=\"widget\" data-widget_type=\"text-editor.default\">\n\t\t\t\t<div class=\"elementor-widget-container\">\n\t\t\t\t\t\t\t\t\t<ol start=\"1\"><li><p><strong>Aumenta tu Visibilidad Profesional<\/strong>: Mejora tu perfil profesional y aumenta tus oportunidades laborales.<\/p><\/li><li><p><strong>Control Total<\/strong>: Gestiona y personaliza tus documentos sin depender de terceros.<\/p><\/li><li><p><strong>Ahorra Tiempo y Recursos<\/strong>: Optimiza tu tiempo y recursos al manejar eficientemente las herramientas de Office.<\/p><\/li><li><p><strong>Aprendizaje Pr\u00e1ctico<\/strong>: Adquiere habilidades aplicables mediante proyectos reales.<\/p><\/li><li><p><strong>Desarrollo Profesional<\/strong>: Potencia tu curr\u00edculum y tus oportunidades de empleo.<\/p><\/li><li><p><strong>Creatividad al M\u00e1ximo<\/strong>: Explora y expande tus l\u00edmites creativos utilizando las distintas herramientas de Office.<\/p><\/li><\/ol><div>\u00a0<\/div>\t\t\t\t\t\t\t\t<\/div>\n\t\t\t\t<\/div>\n\t\t\t\t<\/div>\n\t\t<div class=\"elementor-element elementor-element-afb8b46 e-con-full e-flex e-con e-child\" data-id=\"afb8b46\" data-element_type=\"container\">\n\t\t\t\t<div class=\"elementor-element elementor-element-b3b94f9 elementor-widget elementor-widget-image\" data-id=\"b3b94f9\" data-element_type=\"widget\" data-widget_type=\"image.default\">\n\t\t\t\t<div class=\"elementor-widget-container\">\n\t\t\t\t\t\t\t\t\t\t\t\t\t\t\t<img decoding=\"async\" width=\"300\" height=\"168\" data-src=\"https:\/\/alianzama.edu.mx\/wp-content\/uploads\/2025\/01\/images.jpeg\" class=\"attachment-large size-large wp-image-1946 lazyload\" alt=\"\" src=\"data:image\/gif;base64,R0lGODlhAQABAAAAACH5BAEKAAEALAAAAAABAAEAAAICTAEAOw==\" style=\"--smush-placeholder-width: 300px; --smush-placeholder-aspect-ratio: 300\/168;\" \/>\t\t\t\t\t\t\t\t\t\t\t\t\t\t\t<\/div>\n\t\t\t\t<\/div>\n\t\t\t\t<\/div>\n\t\t\t\t\t<\/div>\n\t\t\t\t<\/div>\n\t\t<div class=\"elementor-element elementor-element-adfebb1 e-flex e-con-boxed elementor-invisible e-con e-parent\" data-id=\"adfebb1\" data-element_type=\"container\" data-settings=\"{&quot;animation&quot;:&quot;zoomInRight&quot;}\">\n\t\t\t\t\t<div class=\"e-con-inner\">\n\t\t\t\t<div class=\"elementor-element elementor-element-2d7ffc9 elementor-widget elementor-widget-heading\" data-id=\"2d7ffc9\" data-element_type=\"widget\" data-widget_type=\"heading.default\">\n\t\t\t\t<div class=\"elementor-widget-container\">\n\t\t\t\t\t<h2 class=\"elementor-heading-title elementor-size-default\">PREGUNTAS FRECUENTES<\/h2>\t\t\t\t<\/div>\n\t\t\t\t<\/div>\n\t\t\t\t<div class=\"elementor-element elementor-element-472baf8 elementor-widget-mobile__width-inherit elementor-widget elementor-widget-n-accordion\" data-id=\"472baf8\" data-element_type=\"widget\" data-settings=\"{&quot;default_state&quot;:&quot;expanded&quot;,&quot;max_items_expended&quot;:&quot;one&quot;,&quot;n_accordion_animation_duration&quot;:{&quot;unit&quot;:&quot;ms&quot;,&quot;size&quot;:400,&quot;sizes&quot;:[]}}\" data-widget_type=\"nested-accordion.default\">\n\t\t\t\t<div class=\"elementor-widget-container\">\n\t\t\t\t\t\t\t<div class=\"e-n-accordion\" aria-label=\"Accordion. Open links with Enter or Space, close with Escape, and navigate with Arrow Keys\">\n\t\t\t\t\t\t<details id=\"e-n-accordion-item-7460\" class=\"e-n-accordion-item\" open>\n\t\t\t\t<summary class=\"e-n-accordion-item-title\" data-accordion-index=\"1\" tabindex=\"0\" aria-expanded=\"true\" aria-controls=\"e-n-accordion-item-7460\" >\n\t\t\t\t\t<span class='e-n-accordion-item-title-header'><div class=\"e-n-accordion-item-title-text\"> \u00bfQUE es microsoft office? <\/div><\/span>\n\t\t\t\t\t\t\t<span class='e-n-accordion-item-title-icon'>\n\t\t\t<span class='e-opened' ><svg aria-hidden=\"true\" class=\"e-font-icon-svg e-fas-minus\" viewBox=\"0 0 448 512\" xmlns=\"http:\/\/www.w3.org\/2000\/svg\"><path d=\"M416 208H32c-17.67 0-32 14.33-32 32v32c0 17.67 14.33 32 32 32h384c17.67 0 32-14.33 32-32v-32c0-17.67-14.33-32-32-32z\"><\/path><\/svg><\/span>\n\t\t\t<span class='e-closed'><svg aria-hidden=\"true\" class=\"e-font-icon-svg e-fas-plus\" viewBox=\"0 0 448 512\" xmlns=\"http:\/\/www.w3.org\/2000\/svg\"><path d=\"M416 208H272V64c0-17.67-14.33-32-32-32h-32c-17.67 0-32 14.33-32 32v144H32c-17.67 0-32 14.33-32 32v32c0 17.67 14.33 32 32 32h144v144c0 17.67 14.33 32 32 32h32c17.67 0 32-14.33 32-32V304h144c17.67 0 32-14.33 32-32v-32c0-17.67-14.33-32-32-32z\"><\/path><\/svg><\/span>\n\t\t<\/span>\n\n\t\t\t\t\t\t<\/summary>\n\t\t\t\t<div role=\"region\" aria-labelledby=\"e-n-accordion-item-7460\" class=\"elementor-element elementor-element-cb24bb4 e-con-full e-flex e-con e-child\" data-id=\"cb24bb4\" data-element_type=\"container\">\n\t\t\t\t<div class=\"elementor-element elementor-element-ca644e8 elementor-widget elementor-widget-text-editor\" data-id=\"ca644e8\" data-element_type=\"widget\" data-widget_type=\"text-editor.default\">\n\t\t\t\t<div class=\"elementor-widget-container\">\n\t\t\t\t\t\t\t\t\t<div tabindex=\"0\" role=\"article\" data-tabster=\"{&quot;groupper&quot;:{&quot;tabbability&quot;:2},&quot;focusable&quot;:{}}\" data-content=\"ai-message\" aria-labelledby=\"eoKz7DZmVMvA7wEsnbDbo-author} eoKz7DZmVMvA7wEsnbDbo-content-0\"><div id=\"eoKz7DZmVMvA7wEsnbDbo-content-0\"><p>Microsoft Office es un conjunto de aplicaciones de software dise\u00f1adas para mejorar la productividad tanto en el \u00e1mbito personal como profesional. Incluye herramientas como Word para procesamiento de textos, Excel para hojas de c\u00e1lculo, PowerPoint para presentaciones, Outlook para gesti\u00f3n de correos electr\u00f3nicos y calendarios, y OneNote para toma de notas. Estas aplicaciones facilitan la creaci\u00f3n, edici\u00f3n y gesti\u00f3n de documentos, datos y comunicaciones, ofreciendo soluciones integrales y accesibles para diversas tareas diarias. Adem\u00e1s, la versi\u00f3n basada en la nube, Microsoft 365, permite acceder a estos servicios desde cualquier lugar con conexi\u00f3n a Internet, potenciando la colaboraci\u00f3n y el almacenamiento seguro en la nube.<\/p><\/div><\/div><p>\u00a0<\/p>\t\t\t\t\t\t\t\t<\/div>\n\t\t\t\t<\/div>\n\t\t\t\t<\/div>\n\t\t\t\t\t<\/details>\n\t\t\t\t\t\t<details id=\"e-n-accordion-item-7461\" class=\"e-n-accordion-item\" >\n\t\t\t\t<summary class=\"e-n-accordion-item-title\" data-accordion-index=\"2\" tabindex=\"-1\" aria-expanded=\"false\" aria-controls=\"e-n-accordion-item-7461\" >\n\t\t\t\t\t<span class='e-n-accordion-item-title-header'><div class=\"e-n-accordion-item-title-text\"> \u00bfpara que sirve microsoft office? <\/div><\/span>\n\t\t\t\t\t\t\t<span class='e-n-accordion-item-title-icon'>\n\t\t\t<span class='e-opened' ><svg aria-hidden=\"true\" class=\"e-font-icon-svg e-fas-minus\" viewBox=\"0 0 448 512\" xmlns=\"http:\/\/www.w3.org\/2000\/svg\"><path d=\"M416 208H32c-17.67 0-32 14.33-32 32v32c0 17.67 14.33 32 32 32h384c17.67 0 32-14.33 32-32v-32c0-17.67-14.33-32-32-32z\"><\/path><\/svg><\/span>\n\t\t\t<span class='e-closed'><svg aria-hidden=\"true\" class=\"e-font-icon-svg e-fas-plus\" viewBox=\"0 0 448 512\" xmlns=\"http:\/\/www.w3.org\/2000\/svg\"><path d=\"M416 208H272V64c0-17.67-14.33-32-32-32h-32c-17.67 0-32 14.33-32 32v144H32c-17.67 0-32 14.33-32 32v32c0 17.67 14.33 32 32 32h144v144c0 17.67 14.33 32 32 32h32c17.67 0 32-14.33 32-32V304h144c17.67 0 32-14.33 32-32v-32c0-17.67-14.33-32-32-32z\"><\/path><\/svg><\/span>\n\t\t<\/span>\n\n\t\t\t\t\t\t<\/summary>\n\t\t\t\t<div role=\"region\" aria-labelledby=\"e-n-accordion-item-7461\" class=\"elementor-element elementor-element-50ed6aa e-con-full e-flex e-con e-child\" data-id=\"50ed6aa\" data-element_type=\"container\">\n\t\t\t\t<div class=\"elementor-element elementor-element-aaa7186 elementor-widget elementor-widget-text-editor\" data-id=\"aaa7186\" data-element_type=\"widget\" data-widget_type=\"text-editor.default\">\n\t\t\t\t<div class=\"elementor-widget-container\">\n\t\t\t\t\t\t\t\t\t<div tabindex=\"0\" role=\"article\" data-tabster=\"{&quot;groupper&quot;:{&quot;tabbability&quot;:2},&quot;focusable&quot;:{}}\" data-content=\"ai-message\" aria-labelledby=\"Bfy1VxExAEqLDc5GfBAfi-author} Bfy1VxExAEqLDc5GfBAfi-content-0\"><div id=\"Bfy1VxExAEqLDc5GfBAfi-content-0\"><p>Microsoft Office es una suite de aplicaciones dise\u00f1ada para mejorar la productividad y la gesti\u00f3n de tareas tanto en el \u00e1mbito personal como profesional. Incluye herramientas como Word para crear y editar documentos, Excel para organizar y analizar datos, PowerPoint para desarrollar presentaciones, Outlook para gestionar correos electr\u00f3nicos y calendarios, y OneNote para tomar y organizar notas. Estas aplicaciones facilitan la creaci\u00f3n, edici\u00f3n y gesti\u00f3n de informaci\u00f3n, mejorando la eficiencia y la comunicaci\u00f3n. Con Microsoft 365, puedes acceder a todas estas aplicaciones y archivos desde cualquier lugar con conexi\u00f3n a Internet, promoviendo la colaboraci\u00f3n y el trabajo remoto.<\/p><\/div><\/div><p>\u00a0<\/p>\t\t\t\t\t\t\t\t<\/div>\n\t\t\t\t<\/div>\n\t\t\t\t<\/div>\n\t\t\t\t\t<\/details>\n\t\t\t\t\t<\/div>\n\t\t\t\t\t\t<\/div>\n\t\t\t\t<\/div>\n\t\t\t\t\t<\/div>\n\t\t\t\t<\/div>\n\t\t<div class=\"elementor-element elementor-element-7943e23 e-con-full e-flex e-con e-parent\" data-id=\"7943e23\" data-element_type=\"container\">\n\t\t\t\t<div class=\"elementor-element elementor-element-0d43682 elementor-widget__width-inherit elementor-widget elementor-widget-html\" data-id=\"0d43682\" data-element_type=\"widget\" data-widget_type=\"html.default\">\n\t\t\t\t<div class=\"elementor-widget-container\">\n\t\t\t\t\t<!DOCTYPE html>\r\n<html lang=\"es\">\r\n<head>\r\n    <meta charset=\"UTF-8\">\r\n    <meta name=\"viewport\" content=\"width=device-width, initial-scale=1.0\">\r\n    <title>Pie de P\u00e1gina<\/title>\r\n    <link rel=\"stylesheet\" href=\"https:\/\/cdnjs.cloudflare.com\/ajax\/libs\/font-awesome\/5.15.3\/css\/all.min.css\">\r\n    <style>\r\n        .caja {\r\n            background-color: #111;\r\n            color: white;\r\n            padding: 20px 0;\r\n            text-align: center;\r\n            display: flex;\r\n            flex-wrap: wrap;\r\n            flex: 1;\r\n        }\r\n        .cajas {\r\n            flex: 1;\r\n            min-width:250PX;\r\n            margin: 10px;\r\n            padding: 10px;\r\n            background-color: #222;\r\n            border-radius: 5px;\r\n            box-sizing: border-box;\r\n        }\r\n        .cajat{\r\n        margin: auto\r\n        }\r\n        .cajas .Tcajas {\r\n            margin-top: 0;\r\n            font-size: 1.2em;\r\n            color: rgb(228, 228, 228);\r\n        }\r\n        .cajas .pcajas   {\r\n            margin: 5px 0;\r\n            font-size: 1em;\r\n        }\r\n        .cajas i {\r\n            font-size: 2em;\r\n            margin-bottom: 10px;\r\n        }\r\n\r\n        .footer-content.center-xs{\r\n            background-color: #111\r\n        }\r\n        .hero-title{\r\n            font-weight: 500 !important;\r\n        i{\r\n            font-family: Sans-Serif\r\n        }\r\n    <\/style>\r\n<\/head>\r\n<body>\r\n    <!-- Otros contenidos de la p\u00e1gina -->\r\n\r\n    <footer class=\"caja\">\r\n        <div class=\"cajat\">\r\n            <img decoding=\"async\" data-src=\"https:\/\/alianzama.edu.mx\/wp-content\/uploads\/2021\/04\/LOGOTRANS.png\" width=\"250px\" src=\"data:image\/gif;base64,R0lGODlhAQABAAAAACH5BAEKAAEALAAAAAABAAEAAAICTAEAOw==\" class=\"lazyload\" style=\"--smush-placeholder-width: 1366px; --smush-placeholder-aspect-ratio: 1366\/768;\">\r\n        <\/div>\r\n        <div class=\"cajas\">\r\n            <i class=\"fas fa-phone-alt\"><\/i>\r\n            <h3 class=\"Tcajas\">Tel\u00e9fono<\/h3>\r\n            <p class=\"pcajas\">Campus Tlaxiaco: (953) 2397626<\/p>\r\n            <hr>\r\n            <p>Campus Pinotepa: (954) 206 1910 <br>(953) 229 5158<\/p>\r\n        <\/div>\r\n        <div class=\"cajas\">\r\n            <i class=\"fas fa-envelope\"><\/i>\r\n            <h3 class=\"Tcajas\">Correo Electr\u00f3nico<\/h3>\r\n            <p class=\"pcajas\">isiama.20361ctlaxiaco@gmail.com<\/p>\r\n            <hr>\r\n            <p class=\"pcajas\">isiama.pinotepa.20361@gmail.com<\/p>\r\n        <\/div>\r\n        <div class=\"cajas\">\r\n            <i class=\"fas fa-map-marker-alt\"><\/i>\r\n            <h3 class=\"Tcajas\">Ubicaci\u00f3n<\/h3>\r\n            <p class=\"pcajas\">Calle Tercera Ote. 105, Centro, 71600 Santiago Pinotepa Nacional, Oax., M\u00e9xico<\/p>\r\n        <\/div>\r\n    <\/footer>\r\n<\/body>\r\n<\/html>\t\t\t\t<\/div>\n\t\t\t\t<\/div>\n\t\t\t\t<\/div>\n\t\t\t\t<\/div>\n\t\t","protected":false},"excerpt":{"rendered":"<p>MICROSOFT OFFICE \u00bfQuieres dominar las herramientas de Office y mejorar tu productividad? Aprende a utilizar Word, Excel, PowerPoint y otras aplicaciones de Office para realizar tareas profesionales y personales de&hellip; <br \/> <a class=\"read-more\" href=\"https:\/\/alianzama.edu.mx\/?page_id=1943\">Leer m\u00e1s<\/a><\/p>\n","protected":false},"author":2,"featured_media":0,"parent":0,"menu_order":0,"comment_status":"closed","ping_status":"closed","template":"elementor_header_footer","meta":{"footnotes":""},"class_list":["post-1943","page","type-page","status-publish","hentry"],"_links":{"self":[{"href":"https:\/\/alianzama.edu.mx\/index.php?rest_route=\/wp\/v2\/pages\/1943","targetHints":{"allow":["GET"]}}],"collection":[{"href":"https:\/\/alianzama.edu.mx\/index.php?rest_route=\/wp\/v2\/pages"}],"about":[{"href":"https:\/\/alianzama.edu.mx\/index.php?rest_route=\/wp\/v2\/types\/page"}],"author":[{"embeddable":true,"href":"https:\/\/alianzama.edu.mx\/index.php?rest_route=\/wp\/v2\/users\/2"}],"replies":[{"embeddable":true,"href":"https:\/\/alianzama.edu.mx\/index.php?rest_route=%2Fwp%2Fv2%2Fcomments&post=1943"}],"version-history":[{"count":4,"href":"https:\/\/alianzama.edu.mx\/index.php?rest_route=\/wp\/v2\/pages\/1943\/revisions"}],"predecessor-version":[{"id":1949,"href":"https:\/\/alianzama.edu.mx\/index.php?rest_route=\/wp\/v2\/pages\/1943\/revisions\/1949"}],"wp:attachment":[{"href":"https:\/\/alianzama.edu.mx\/index.php?rest_route=%2Fwp%2Fv2%2Fmedia&parent=1943"}],"curies":[{"name":"wp","href":"https:\/\/api.w.org\/{rel}","templated":true}]}}